CRAN Package Check Results for Package tspmeta

Last updated on 2022-12-10 03:57:44 CET.

Flavor Version Tinstall Tcheck Ttotal Status Flags
r-devel-linux-x86_64-debian-clang 1.2 19.96 157.90 177.86 NOTE
r-devel-linux-x86_64-debian-gcc 1.2 14.95 119.27 134.22 NOTE
r-devel-linux-x86_64-fedora-clang 1.2 219.60 NOTE
r-devel-linux-x86_64-fedora-gcc 1.2 215.22 NOTE
r-devel-windows-x86_64 1.2 49.00 179.00 228.00 NOTE
r-patched-linux-x86_64 1.2 17.93 141.73 159.66 NOTE
r-release-linux-x86_64 1.2 20.76 143.84 164.60 NOTE
r-release-macos-arm64 1.2 52.00 NOTE
r-release-macos-x86_64 1.2 104.00 NOTE
r-release-windows-x86_64 1.2 40.00 179.00 219.00 NOTE
r-oldrel-macos-arm64 1.2 71.00 NOTE
r-oldrel-macos-x86_64 1.2 83.00 NOTE
r-oldrel-windows-ix86+x86_64 1.2 42.00 225.00 267.00 NOTE

Check Details

Version: 1.2
Check: LazyData
Result: NOTE
     'LazyData' is specified without a 'data' directory
Flavors: r-devel-linux-x86_64-debian-clang, r-devel-linux-x86_64-debian-gcc, r-devel-linux-x86_64-fedora-clang, r-devel-linux-x86_64-fedora-gcc, r-devel-windows-x86_64, r-patched-linux-x86_64, r-release-linux-x86_64, r-release-macos-arm64, r-release-macos-x86_64, r-release-windows-x86_64, r-oldrel-macos-arm64, r-oldrel-macos-x86_64, r-oldrel-windows-ix86+x86_64

Version: 1.2
Check: compiled code
Result: NOTE
    File ‘tspmeta/libs/tspmeta.so’:
     Found no calls to: ‘R_registerRoutines’, ‘R_useDynamicSymbols’
    
    It is good practice to register native routines and to disable symbol
    search.
    
    See ‘Writing portable packages’ in the ‘Writing R Extensions’ manual.
Flavors: r-devel-linux-x86_64-fedora-clang, r-devel-linux-x86_64-fedora-gcc