CRAN Package Check Results for Package udpipe

Last updated on 2022-07-02 04:56:16 CEST.

Flavor Version Tinstall Tcheck Ttotal Status Flags
r-devel-linux-x86_64-debian-clang 0.8.9 161.32 410.84 572.16 OK
r-devel-linux-x86_64-debian-gcc 0.8.9 142.13 314.73 456.86 OK
r-devel-linux-x86_64-fedora-clang 0.8.9 708.69 NOTE
r-devel-linux-x86_64-fedora-gcc 0.8.9 747.24 OK
r-devel-windows-x86_64 0.8.9 162.00 456.00 618.00 NOTE
r-patched-linux-x86_64 0.8.9 149.95 416.91 566.86 OK
r-release-linux-x86_64 0.8.9 149.67 418.58 568.25 OK
r-release-macos-arm64 0.8.9 236.00 NOTE
r-release-macos-x86_64 0.8.9 256.00 NOTE
r-release-windows-x86_64 0.8.9 149.00 470.00 619.00 NOTE
r-oldrel-macos-arm64 0.8.9 206.00 NOTE
r-oldrel-macos-x86_64 0.8.9 248.00 NOTE
r-oldrel-windows-ix86+x86_64 0.8.9 330.00 631.00 961.00 NOTE

Check Details

Version: 0.8.9
Check: installed package size
Result: NOTE
     installed size is 21.6Mb
     sub-directories of 1Mb or more:
     doc 1.4Mb
     dummydata 1.4Mb
     libs 16.9Mb
Flavors: r-devel-linux-x86_64-fedora-clang, r-devel-windows-x86_64, r-release-macos-arm64, r-release-macos-x86_64, r-release-windows-x86_64, r-oldrel-macos-arm64, r-oldrel-macos-x86_64, r-oldrel-windows-ix86+x86_64