Last updated on 2023-12-10 04:00:14 CET.
Flavor | Version | Tinstall | Tcheck | Ttotal | Status | Flags |
---|---|---|---|---|---|---|
r-devel-linux-x86_64-debian-clang | 1.4.2 | 51.00 | 121.36 | 172.36 | NOTE | |
r-devel-linux-x86_64-debian-gcc | 1.4.2 | 40.85 | 97.56 | 138.41 | NOTE | |
r-devel-linux-x86_64-fedora-clang | 1.4.2 | 220.48 | NOTE | |||
r-devel-linux-x86_64-fedora-gcc | 1.4.2 | 243.71 | NOTE | |||
r-devel-windows-x86_64 | 1.4.2 | 42.00 | 150.00 | 192.00 | NOTE | |
r-patched-linux-x86_64 | 1.4.2 | 49.98 | 126.19 | 176.17 | OK | |
r-release-linux-x86_64 | 1.4.2 | 53.72 | 126.16 | 179.88 | OK | |
r-release-macos-arm64 | 1.4.2 | 85.00 | NOTE | |||
r-release-macos-x86_64 | 1.4.2 | 134.00 | NOTE | |||
r-release-windows-x86_64 | 1.4.2 | 52.00 | 161.00 | 213.00 | OK | |
r-oldrel-macos-arm64 | 1.4.2 | 66.00 | NOTE | |||
r-oldrel-macos-x86_64 | 1.4.2 | 90.00 | NOTE | |||
r-oldrel-windows-x86_64 | 1.4.2 | 50.00 | 160.00 | 210.00 | OK |
Version: 1.4.2
Check: Rd metadata
Result: NOTE
Rd files without \alias:
‘ungroup.Rd’
Flavors: r-devel-linux-x86_64-debian-clang, r-devel-linux-x86_64-debian-gcc, r-devel-linux-x86_64-fedora-clang, r-devel-linux-x86_64-fedora-gcc, r-devel-windows-x86_64
Version: 1.4.2
Check: Rd \usage sections
Result: NOTE
Documented arguments not in \usage in Rd file 'MortSmooth_tpower.Rd':
‘vector’
Functions with \usage entries need to have the appropriate \alias
entries, and all their arguments documented.
The \usage entries must correspond to syntactically valid R code.
See chapter ‘Writing R documentation files’ in the ‘Writing R
Extensions’ manual.
Flavors: r-devel-linux-x86_64-debian-clang, r-devel-linux-x86_64-debian-gcc, r-devel-linux-x86_64-fedora-clang, r-devel-linux-x86_64-fedora-gcc, r-devel-windows-x86_64
Version: 1.4.2
Check: package dependencies
Result: NOTE
Package suggested but not available for checking: ‘MortalityLaws’
Flavors: r-release-macos-arm64, r-release-macos-x86_64
Version: 1.4.2
Check: installed package size
Result: NOTE
installed size is 15.3Mb
sub-directories of 1Mb or more:
libs 14.7Mb
Flavors: r-release-macos-arm64, r-release-macos-x86_64, r-oldrel-macos-arm64, r-oldrel-macos-x86_64
Version: 1.4.2
Check: Rd cross-references
Result: NOTE
Unknown package ‘MortalityLaws’ in Rd xrefs
Flavors: r-release-macos-arm64, r-release-macos-x86_64