CRAN Package Check Results for Package unnest

Last updated on 2023-03-29 04:51:34 CEST.

Flavor Version Tinstall Tcheck Ttotal Status Flags
r-devel-linux-x86_64-debian-clang 0.0.4 12.67 44.04 56.71 NOTE
r-devel-linux-x86_64-debian-gcc 0.0.4 13.50 34.15 47.65 NOTE
r-devel-linux-x86_64-fedora-clang 0.0.4 72.86 NOTE
r-devel-linux-x86_64-fedora-gcc 0.0.4 82.74 NOTE
r-patched-linux-x86_64 0.0.4 14.72 40.95 55.67 NOTE
r-release-linux-x86_64 0.0.4 14.01 44.51 58.52 OK
r-release-macos-arm64 0.0.4 29.00 OK
r-release-macos-x86_64 0.0.4 41.00 OK
r-release-windows-x86_64 0.0.4 27.00 89.00 116.00 OK
r-oldrel-macos-arm64 0.0.4 34.00 OK
r-oldrel-macos-x86_64 0.0.4 40.00 OK
r-oldrel-windows-ix86+x86_64 0.0.4 39.00 91.00 130.00 OK

Check Details

Version: 0.0.4
Check: C++ specification
Result: NOTE
     Specified C++11: please drop specification unless essential
Flavors: r-devel-linux-x86_64-debian-clang, r-devel-linux-x86_64-debian-gcc, r-devel-linux-x86_64-fedora-clang, r-devel-linux-x86_64-fedora-gcc, r-patched-linux-x86_64