CRAN Package Check Results for Package uptasticsearch

Last updated on 2022-07-04 04:54:37 CEST.

Flavor Version Tinstall Tcheck Ttotal Status Flags
r-devel-linux-x86_64-debian-clang 0.4.0 4.43 46.03 50.46 NOTE
r-devel-linux-x86_64-debian-gcc 0.4.0 3.72 34.19 37.91 NOTE
r-devel-linux-x86_64-fedora-clang 0.4.0 69.57 NOTE
r-devel-linux-x86_64-fedora-gcc 0.4.0 79.05 NOTE
r-devel-windows-x86_64 0.4.0 57.00 73.00 130.00 NOTE
r-patched-linux-x86_64 0.4.0 4.44 42.83 47.27 NOTE
r-release-linux-x86_64 0.4.0 3.61 42.14 45.75 NOTE
r-release-macos-arm64 0.4.0 23.00 NOTE
r-release-macos-x86_64 0.4.0 38.00 NOTE
r-release-windows-x86_64 0.4.0 73.00 76.00 149.00 NOTE
r-oldrel-macos-arm64 0.4.0 37.00 NOTE
r-oldrel-macos-x86_64 0.4.0 42.00 NOTE
r-oldrel-windows-ix86+x86_64 0.4.0 12.00 65.00 77.00 NOTE

Check Details

Version: 0.4.0
Check: LazyData
Result: NOTE
     'LazyData' is specified without a 'data' directory
Flavors: r-devel-linux-x86_64-debian-clang, r-devel-linux-x86_64-debian-gcc, r-devel-linux-x86_64-fedora-clang, r-devel-linux-x86_64-fedora-gcc, r-devel-windows-x86_64, r-patched-linux-x86_64, r-release-linux-x86_64, r-release-macos-arm64, r-release-macos-x86_64, r-release-windows-x86_64, r-oldrel-macos-arm64, r-oldrel-macos-x86_64, r-oldrel-windows-ix86+x86_64