CRAN Package Check Results for Package vaersvax

Last updated on 2022-12-10 03:57:44 CET.

Flavor Version Tinstall Tcheck Ttotal Status Flags
r-devel-linux-x86_64-debian-clang 1.0.5 1.65 22.71 24.36 NOTE
r-devel-linux-x86_64-debian-gcc 1.0.5 1.71 17.81 19.52 NOTE
r-devel-linux-x86_64-fedora-clang 1.0.5 43.36 NOTE
r-devel-linux-x86_64-fedora-gcc 1.0.5 40.81 NOTE
r-devel-windows-x86_64 1.0.5 7.00 57.00 64.00 NOTE
r-patched-linux-x86_64 1.0.5 1.50 21.56 23.06 NOTE
r-release-linux-x86_64 1.0.5 2.13 22.21 24.34 NOTE
r-release-macos-arm64 1.0.5 15.00 NOTE
r-release-macos-x86_64 1.0.5 20.00 NOTE
r-release-windows-x86_64 1.0.5 9.00 61.00 70.00 NOTE
r-oldrel-macos-arm64 1.0.5 21.00 NOTE
r-oldrel-macos-x86_64 1.0.5 27.00 NOTE
r-oldrel-windows-ix86+x86_64 1.0.5 6.00 49.00 55.00 NOTE

Check Details

Version: 1.0.5
Check: package dependencies
Result: NOTE
    Packages suggested but not available for checking: 'vaers', 'vaersND'
Flavors: r-devel-linux-x86_64-debian-clang, r-devel-linux-x86_64-debian-gcc, r-devel-linux-x86_64-fedora-clang, r-devel-linux-x86_64-fedora-gcc, r-devel-windows-x86_64, r-patched-linux-x86_64, r-release-linux-x86_64, r-release-macos-arm64, r-release-macos-x86_64, r-release-windows-x86_64, r-oldrel-macos-x86_64, r-oldrel-windows-ix86+x86_64

Version: 1.0.5
Check: package dependencies
Result: NOTE
    Packages suggested but not available for checking:
     'vaersNDvax', 'vaers', 'vaersND'
Flavor: r-oldrel-macos-arm64