CRAN Package Check Results for Package validata

Last updated on 2022-10-05 04:51:07 CEST.

Flavor Version Tinstall Tcheck Ttotal Status Flags
r-devel-linux-x86_64-debian-clang 0.1.0 3.11 43.17 46.28 OK
r-devel-linux-x86_64-debian-gcc 0.1.0 2.83 32.91 35.74 OK
r-devel-linux-x86_64-fedora-clang 0.1.0 72.30 NOTE
r-devel-linux-x86_64-fedora-gcc 0.1.0 70.50 NOTE
r-devel-windows-x86_64 0.1.0 21.00 79.00 100.00 OK
r-patched-linux-x86_64 0.1.0 2.98 41.71 44.69 OK
r-release-linux-x86_64 0.1.0 3.11 42.45 45.56 OK
r-release-macos-arm64 0.1.0 24.00 NOTE
r-release-macos-x86_64 0.1.0 36.00 NOTE
r-release-windows-x86_64 0.1.0 22.00 88.00 110.00 OK
r-oldrel-macos-arm64 0.1.0 23.00 NOTE
r-oldrel-macos-x86_64 0.1.0 35.00 NOTE
r-oldrel-windows-ix86+x86_64 0.1.0 11.00 70.00 81.00 OK

Check Details

Version: 0.1.0
Check: dependencies in R code
Result: NOTE
    Namespaces in Imports field not imported from:
     ‘BBmisc’ ‘badger’
     All declared Imports should be used.
Flavors: r-devel-linux-x86_64-fedora-clang, r-devel-linux-x86_64-fedora-gcc, r-release-macos-arm64, r-release-macos-x86_64, r-oldrel-macos-arm64, r-oldrel-macos-x86_64