Last updated on 2022-06-30 04:50:17 CEST.
Flavor | Version | Tinstall | Tcheck | Ttotal | Status | Flags |
---|---|---|---|---|---|---|
r-devel-linux-x86_64-debian-clang | 1.5-6 | 9.10 | 67.93 | 77.03 | NOTE | |
r-devel-linux-x86_64-debian-gcc | 1.5-6 | 7.36 | 50.94 | 58.30 | NOTE | |
r-devel-linux-x86_64-fedora-clang | 1.5-6 | 100.65 | NOTE | |||
r-devel-linux-x86_64-fedora-gcc | 1.5-6 | 100.56 | NOTE | |||
r-devel-windows-x86_64 | 1.5-6 | 49.00 | 98.00 | 147.00 | NOTE | |
r-patched-linux-x86_64 | 1.5-6 | 11.75 | 62.51 | 74.26 | OK | |
r-release-linux-x86_64 | 1.5-6 | 8.35 | 63.16 | 71.51 | OK | |
r-release-macos-arm64 | 1.5-6 | 70.00 | OK | |||
r-release-macos-x86_64 | 1.5-6 | 57.00 | OK | |||
r-release-windows-x86_64 | 1.5-6 | 42.00 | 100.00 | 142.00 | OK | |
r-oldrel-macos-arm64 | 1.5-6 | 27.00 | OK | |||
r-oldrel-macos-x86_64 | 1.5-6 | 40.00 | OK | |||
r-oldrel-windows-ix86+x86_64 | 1.5-6 | 20.00 | 89.00 | 109.00 | OK |
Version: 1.5-6
Check: Rd files
Result: NOTE
checkRd: (-1) irf.Rd:111: Escaped LaTeX specials: \&
Flavors: r-devel-linux-x86_64-debian-clang, r-devel-linux-x86_64-debian-gcc, r-devel-linux-x86_64-fedora-clang, r-devel-linux-x86_64-fedora-gcc, r-devel-windows-x86_64