CRAN Package Check Results for Package vcr

Last updated on 2022-10-05 04:51:07 CEST.

Flavor Version Tinstall Tcheck Ttotal Status Flags
r-devel-linux-x86_64-debian-clang 1.0.2 28.57 76.91 105.48 NOTE
r-devel-linux-x86_64-debian-gcc 1.0.2 21.25 58.04 79.29 NOTE
r-devel-linux-x86_64-fedora-clang 1.0.2 145.64 NOTE
r-devel-linux-x86_64-fedora-gcc 1.0.2 142.22 NOTE
r-devel-windows-x86_64 1.0.2 71.00 177.00 248.00 NOTE
r-patched-linux-x86_64 1.0.2 25.74 69.06 94.80 OK
r-release-linux-x86_64 1.0.2 25.52 69.01 94.53 OK
r-release-macos-arm64 1.0.2 45.00 NOTE
r-release-macos-x86_64 1.0.2 69.00 NOTE
r-release-windows-x86_64 1.0.2 64.00 159.00 223.00 NOTE
r-oldrel-macos-arm64 1.0.2 64.00 NOTE
r-oldrel-macos-x86_64 1.0.2 97.00 NOTE
r-oldrel-windows-ix86+x86_64 1.0.2 52.00 158.00 210.00 NOTE

Check Details

Version: 1.0.2
Check: HTML version of manual
Result: NOTE
    Found the following HTML validation problems:
    RequestHandlerCrul.html:50:6: Warning: missing </span> before <p>
    RequestHandlerCrul.html:50:92: Warning: inserting implicit <span>
    RequestHandlerCrul.html:53:6: Warning: missing </span> before <p>
    RequestHandlerCrul.html:53:96: Warning: inserting implicit <span>
    RequestHandlerHttr.html:53:6: Warning: missing </span> before <p>
    RequestHandlerHttr.html:53:92: Warning: inserting implicit <span>
    lightswitch.html:113:79: Warning: inserting implicit <p>
    lightswitch.html:150:58: Warning: inserting implicit <p>
    lightswitch.html:181:33: Warning: inserting implicit <p>
    lightswitch.html:202:42: Warning: inserting implicit <p>
    request-matching.html:83:57: Warning: inserting implicit <p>
Flavors: r-devel-linux-x86_64-debian-clang, r-devel-linux-x86_64-debian-gcc, r-devel-linux-x86_64-fedora-clang, r-devel-linux-x86_64-fedora-gcc, r-devel-windows-x86_64

Version: 1.0.2
Check: installed package size
Result: NOTE
     installed size is 8.3Mb
     sub-directories of 1Mb or more:
     doc 7.2Mb
Flavors: r-devel-linux-x86_64-fedora-clang, r-devel-windows-x86_64, r-release-macos-arm64, r-release-macos-x86_64, r-release-windows-x86_64, r-oldrel-macos-arm64, r-oldrel-macos-x86_64, r-oldrel-windows-ix86+x86_64