CRAN Package Check Results for Package vegalite

Last updated on 2022-12-05 03:55:14 CET.

Flavor Version Tinstall Tcheck Ttotal Status Flags
r-devel-linux-x86_64-debian-clang 0.6.1 5.32 62.47 67.79 OK
r-devel-linux-x86_64-debian-gcc 0.6.1 4.58 47.56 52.14 OK
r-devel-linux-x86_64-fedora-clang 0.6.1 93.78 OK
r-devel-linux-x86_64-fedora-gcc 0.6.1 90.67 OK
r-devel-windows-x86_64 0.6.1 57.00 108.00 165.00 OK
r-patched-linux-x86_64 0.6.1 8.16 57.04 65.20 OK
r-release-linux-x86_64 0.6.1 5.40 56.52 61.92 OK
r-release-macos-arm64 0.6.1 30.00 OK
r-release-macos-x86_64 0.6.1 42.00 OK
r-release-windows-x86_64 0.6.1 64.00 102.00 166.00 OK
r-oldrel-macos-arm64 0.6.1 630.00 OK
r-oldrel-macos-x86_64 0.6.1 49.00 OK
r-oldrel-windows-ix86+x86_64 0.6.1 13.00 87.00 100.00 ERROR

Check Details

Version: 0.6.1
Check: examples
Result: ERROR
    Running examples in 'vegalite-Ex.R' failed
    The error most likely occurred in:
    
    > ### Name: from_spec
    > ### Title: Take a JSON Vega-Lite Spec and render as an htmlwidget
    > ### Aliases: from_spec
    >
    > ### ** Examples
    >
    > from_spec("http://rud.is/dl/embedded.json")
    Warning in file(con, "r") :
     InternetOpenUrl failed: 'Die Serververbindung wurde zur├╝ckgesetzt.'
    Error in file(con, "r") : cannot open the connection
    Calls: from_spec -> readLines -> file
    Execution halted
Flavor: r-oldrel-windows-ix86+x86_64