Last updated on 2023-03-24 03:54:33 CET.
Flavor | Version | Tinstall | Tcheck | Ttotal | Status | Flags |
---|---|---|---|---|---|---|
r-devel-linux-x86_64-debian-clang | 0.3.0 | 6.00 | 45.53 | 51.53 | OK | |
r-devel-linux-x86_64-debian-gcc | 0.3.0 | 4.51 | 34.97 | 39.48 | OK | |
r-devel-linux-x86_64-fedora-clang | 0.3.0 | 63.74 | NOTE | |||
r-devel-linux-x86_64-fedora-gcc | 0.3.0 | 58.54 | NOTE | |||
r-patched-linux-x86_64 | 0.3.0 | 4.07 | 45.77 | 49.84 | OK | |
r-release-linux-x86_64 | 0.3.0 | 4.31 | 45.23 | 49.54 | OK | |
r-release-macos-arm64 | 0.3.0 | 23.00 | NOTE | |||
r-release-macos-x86_64 | 0.3.0 | 34.00 | NOTE | |||
r-release-windows-x86_64 | 0.3.0 | 18.00 | 76.00 | 94.00 | OK | |
r-oldrel-macos-arm64 | 0.3.0 | 26.00 | NOTE | |||
r-oldrel-macos-x86_64 | 0.3.0 | 36.00 | NOTE | |||
r-oldrel-windows-ix86+x86_64 | 0.3.0 | 13.00 | 70.00 | 83.00 | NOTE |
Version: 0.3.0
Check: data for non-ASCII characters
Result: NOTE
Note: found 2 marked UTF-8 strings
Flavors: r-devel-linux-x86_64-fedora-clang, r-devel-linux-x86_64-fedora-gcc, r-release-macos-arm64, r-release-macos-x86_64, r-oldrel-macos-arm64, r-oldrel-macos-x86_64
Version: 0.3.0
Check: dependencies in R code
Result: NOTE
Initiating curl with CURL_SSL_BACKEND: openssl
Flavor: r-oldrel-windows-ix86+x86_64