Last updated on 2023-12-10 04:00:15 CET.
Flavor | Version | Tinstall | Tcheck | Ttotal | Status | Flags |
---|---|---|---|---|---|---|
r-devel-linux-x86_64-debian-clang | 0.3.0 | 4.17 | 45.86 | 50.03 | OK | |
r-devel-linux-x86_64-debian-gcc | 0.3.0 | 3.41 | 34.73 | 38.14 | OK | |
r-devel-linux-x86_64-fedora-clang | 0.3.0 | 63.78 | NOTE | |||
r-devel-linux-x86_64-fedora-gcc | 0.3.0 | 59.28 | NOTE | |||
r-devel-windows-x86_64 | 0.3.0 | 6.00 | 55.00 | 61.00 | OK | |
r-patched-linux-x86_64 | 0.3.0 | 4.22 | 43.60 | 47.82 | OK | |
r-release-linux-x86_64 | 0.3.0 | 3.27 | 43.89 | 47.16 | OK | |
r-release-macos-arm64 | 0.3.0 | 24.00 | OK | |||
r-release-macos-x86_64 | 0.3.0 | 32.00 | OK | |||
r-release-windows-x86_64 | 0.3.0 | 7.00 | 58.00 | 65.00 | OK | |
r-oldrel-macos-arm64 | 0.3.0 | 23.00 | NOTE | |||
r-oldrel-macos-x86_64 | 0.3.0 | 34.00 | NOTE | |||
r-oldrel-windows-x86_64 | 0.3.0 | 7.00 | 64.00 | 71.00 | OK |
Version: 0.3.0
Check: data for non-ASCII characters
Result: NOTE
Note: found 2 marked UTF-8 strings
Flavors: r-devel-linux-x86_64-fedora-clang, r-devel-linux-x86_64-fedora-gcc, r-oldrel-macos-arm64, r-oldrel-macos-x86_64