CRAN Package Check Results for Package vines

Last updated on 2022-12-02 04:00:26 CET.

Flavor Version Tinstall Tcheck Ttotal Status Flags
r-devel-linux-x86_64-debian-clang 1.1.5 18.12 124.00 142.12 OK
r-devel-linux-x86_64-debian-gcc 1.1.5 12.02 93.49 105.51 OK
r-devel-linux-x86_64-fedora-clang 1.1.5 188.47 NOTE
r-devel-linux-x86_64-fedora-gcc 1.1.5 175.24 NOTE
r-devel-windows-x86_64 1.1.5 33.00 158.00 191.00 OK
r-patched-linux-x86_64 1.1.5 18.28 116.31 134.59 OK
r-release-linux-x86_64 1.1.5 13.51 119.13 132.64 OK
r-release-macos-arm64 1.1.5 47.00 OK
r-release-macos-x86_64 1.1.5 66.00 OK
r-release-windows-x86_64 1.1.5 45.00 164.00 209.00 OK
r-oldrel-macos-arm64 1.1.5 51.00 OK
r-oldrel-macos-x86_64 1.1.5 92.00 OK
r-oldrel-windows-ix86+x86_64 1.1.5 39.00 215.00 254.00 OK

Check Details

Version: 1.1.5
Check: compiled code
Result: NOTE
    File ‘vines/libs/vines.so’:
     Found no call to: ‘R_useDynamicSymbols’
    
    It is good practice to register native routines and to disable symbol
    search.
    
    See ‘Writing portable packages’ in the ‘Writing R Extensions’ manual.
Flavors: r-devel-linux-x86_64-fedora-clang, r-devel-linux-x86_64-fedora-gcc