CRAN Package Check Results for Package vivo

Last updated on 2022-12-05 03:55:15 CET.

Flavor Version Tinstall Tcheck Ttotal Status Flags
r-devel-linux-x86_64-debian-clang 0.2.1 6.12 96.21 102.33 NOTE
r-devel-linux-x86_64-debian-gcc 0.2.1 4.86 72.44 77.30 NOTE
r-devel-linux-x86_64-fedora-clang 0.2.1 139.67 NOTE
r-devel-linux-x86_64-fedora-gcc 0.2.1 134.49 NOTE
r-devel-windows-x86_64 0.2.1 18.00 123.00 141.00 NOTE
r-patched-linux-x86_64 0.2.1 3.73 91.19 94.92 NOTE
r-release-linux-x86_64 0.2.1 4.04 89.09 93.13 NOTE
r-release-macos-arm64 0.2.1 61.00 NOTE
r-release-macos-x86_64 0.2.1 72.00 NOTE
r-release-windows-x86_64 0.2.1 20.00 146.00 166.00 NOTE
r-oldrel-macos-arm64 0.2.1 66.00 NOTE
r-oldrel-macos-x86_64 0.2.1 75.00 NOTE
r-oldrel-windows-ix86+x86_64 0.2.1 15.00 126.00 141.00 NOTE

Check Details

Version: 0.2.1
Check: LazyData
Result: NOTE
     'LazyData' is specified without a 'data' directory
Flavors: r-devel-linux-x86_64-debian-clang, r-devel-linux-x86_64-debian-gcc, r-devel-linux-x86_64-fedora-clang, r-devel-linux-x86_64-fedora-gcc, r-devel-windows-x86_64, r-patched-linux-x86_64, r-release-linux-x86_64, r-release-macos-arm64, r-release-macos-x86_64, r-release-windows-x86_64, r-oldrel-macos-arm64, r-oldrel-macos-x86_64, r-oldrel-windows-ix86+x86_64