CRAN Package Check Results for Package vprr

Last updated on 2022-12-05 03:55:15 CET.

Flavor Version Tinstall Tcheck Ttotal Status Flags
r-devel-linux-x86_64-debian-clang 0.2.3 14.69 106.51 121.20 OK
r-devel-linux-x86_64-debian-gcc 0.2.3 13.12 80.49 93.61 OK
r-devel-linux-x86_64-fedora-clang 0.2.3 166.49 NOTE
r-devel-linux-x86_64-fedora-gcc 0.2.3 160.08 NOTE
r-devel-windows-x86_64 0.2.3 206.00 146.00 352.00 NOTE
r-patched-linux-x86_64 0.2.3 17.35 98.99 116.34 OK
r-release-linux-x86_64 0.2.3 11.56 97.69 109.25 OK
r-release-macos-arm64 0.2.3 48.00 NOTE
r-release-macos-x86_64 0.2.3 68.00 NOTE
r-release-windows-x86_64 0.2.3 201.00 146.00 347.00 NOTE
r-oldrel-macos-arm64 0.2.3 47.00 NOTE
r-oldrel-macos-x86_64 0.2.3 65.00 NOTE
r-oldrel-windows-ix86+x86_64 0.2.3 36.00 127.00 163.00 NOTE

Check Details

Version: 0.2.3
Check: installed package size
Result: NOTE
     installed size is 9.9Mb
     sub-directories of 1Mb or more:
     extdata 8.6Mb
Flavors: r-devel-linux-x86_64-fedora-clang, r-devel-windows-x86_64, r-release-macos-arm64, r-release-macos-x86_64, r-release-windows-x86_64, r-oldrel-macos-arm64, r-oldrel-macos-x86_64, r-oldrel-windows-ix86+x86_64

Version: 0.2.3
Check: dependencies in R code
Result: NOTE
    Namespace in Imports field not imported from: ‘usethis’
     All declared Imports should be used.
Flavors: r-devel-linux-x86_64-fedora-clang, r-devel-linux-x86_64-fedora-gcc, r-release-macos-arm64, r-release-macos-x86_64, r-oldrel-macos-arm64, r-oldrel-macos-x86_64