CRAN Package Check Results for Package wavelets

Last updated on 2022-09-25 04:53:10 CEST.

Flavor Version Tinstall Tcheck Ttotal Status Flags
r-devel-linux-x86_64-debian-clang 0.3-0.2 6.33 49.40 55.73 OK
r-devel-linux-x86_64-debian-gcc 0.3-0.2 4.98 36.87 41.85 OK
r-devel-linux-x86_64-fedora-clang 0.3-0.2 78.36 NOTE
r-devel-linux-x86_64-fedora-gcc 0.3-0.2 77.60 NOTE
r-devel-windows-x86_64 0.3-0.2 32.00 78.00 110.00 OK
r-patched-linux-x86_64 0.3-0.2 6.82 46.84 53.66 OK
r-release-linux-x86_64 0.3-0.2 6.24 46.96 53.20 OK
r-release-macos-arm64 0.3-0.2 26.00 OK
r-release-macos-x86_64 0.3-0.2 33.00 OK
r-release-windows-x86_64 0.3-0.2 16.00 70.00 86.00 OK
r-oldrel-macos-arm64 0.3-0.2 29.00 OK
r-oldrel-macos-x86_64 0.3-0.2 44.00 OK
r-oldrel-windows-ix86+x86_64 0.3-0.2 16.00 53.00 69.00 OK

Check Details

Version: 0.3-0.2
Check: compiled code
Result: NOTE
    File ‘wavelets/libs/wavelets.so’:
     Found no calls to: ‘R_registerRoutines’, ‘R_useDynamicSymbols’
    
    It is good practice to register native routines and to disable symbol
    search.
    
    See ‘Writing portable packages’ in the ‘Writing R Extensions’ manual.
Flavors: r-devel-linux-x86_64-fedora-clang, r-devel-linux-x86_64-fedora-gcc