Last updated on 2022-06-29 04:56:09 CEST.
Flavor | Version | Tinstall | Tcheck | Ttotal | Status | Flags |
---|---|---|---|---|---|---|
r-devel-linux-x86_64-debian-clang | 1.0.4 | 7.09 | 51.54 | 58.63 | OK | |
r-devel-linux-x86_64-debian-gcc | 1.0.4 | 5.75 | 39.28 | 45.03 | OK | |
r-devel-linux-x86_64-fedora-clang | 1.0.4 | 80.75 | NOTE | |||
r-devel-linux-x86_64-fedora-gcc | 1.0.4 | 78.99 | NOTE | |||
r-devel-windows-x86_64 | 1.0.4 | 24.00 | 79.00 | 103.00 | OK | |
r-patched-linux-x86_64 | 1.0.4 | 7.19 | 48.23 | 55.42 | OK | |
r-release-linux-x86_64 | 1.0.4 | 5.28 | 49.40 | 54.68 | OK | |
r-release-macos-arm64 | 1.0.4 | 28.00 | NOTE | |||
r-release-macos-x86_64 | 1.0.4 | 45.00 | NOTE | |||
r-release-windows-x86_64 | 1.0.4 | 34.00 | 83.00 | 117.00 | OK | |
r-oldrel-macos-arm64 | 1.0.4 | 30.00 | NOTE | |||
r-oldrel-macos-x86_64 | 1.0.4 | 42.00 | NOTE | |||
r-oldrel-windows-ix86+x86_64 | 1.0.4 | 15.00 | 71.00 | 86.00 | OK |
Version: 1.0.4
Check: data for non-ASCII characters
Result: NOTE
Note: found 3133 marked UTF-8 strings
Flavors: r-devel-linux-x86_64-fedora-clang, r-devel-linux-x86_64-fedora-gcc, r-release-macos-arm64, r-release-macos-x86_64, r-oldrel-macos-arm64, r-oldrel-macos-x86_64