CRAN Package Check Results for Package webglobe

Last updated on 2022-12-02 04:01:54 CET.

Flavor Version Tinstall Tcheck Ttotal Status Flags
r-devel-linux-x86_64-debian-clang 1.0.3 10.03 87.17 97.20 OK
r-devel-linux-x86_64-debian-gcc 1.0.3 7.16 67.29 74.45 OK
r-devel-linux-x86_64-fedora-clang 1.0.3 132.86 NOTE
r-devel-linux-x86_64-fedora-gcc 1.0.3 131.17 OK
r-devel-windows-x86_64 1.0.3 372.00 173.00 545.00 NOTE
r-patched-linux-x86_64 1.0.3 11.07 81.91 92.98 OK
r-release-linux-x86_64 1.0.3 7.22 83.55 90.77 OK
r-release-macos-arm64 1.0.3 33.00 NOTE
r-release-macos-x86_64 1.0.3 67.00 NOTE
r-release-windows-x86_64 1.0.3 198.00 169.00 367.00 NOTE
r-oldrel-macos-arm64 1.0.3 43.00 NOTE
r-oldrel-macos-x86_64 1.0.3 62.00 NOTE
r-oldrel-windows-ix86+x86_64 1.0.3 38.00 152.00 190.00 NOTE

Check Details

Version: 1.0.3
Check: installed package size
Result: NOTE
     installed size is 10.8Mb
     sub-directories of 1Mb or more:
     client 9.6Mb
     doc 1.0Mb
Flavors: r-devel-linux-x86_64-fedora-clang, r-devel-windows-x86_64, r-release-macos-arm64, r-release-macos-x86_64, r-release-windows-x86_64, r-oldrel-macos-arm64, r-oldrel-macos-x86_64, r-oldrel-windows-ix86+x86_64