CRAN Package Check Results for Package webmorphR

Last updated on 2022-12-05 03:55:15 CET.

Flavor Version Tinstall Tcheck Ttotal Status Flags
r-devel-linux-x86_64-debian-clang 0.1.1 10.44 287.78 298.22 OK
r-devel-linux-x86_64-debian-gcc 0.1.1 7.09 158.70 165.79 OK
r-devel-linux-x86_64-fedora-clang 0.1.1 344.04 NOTE
r-devel-linux-x86_64-fedora-gcc 0.1.1 266.59 OK
r-devel-windows-x86_64 0.1.1 92.00 229.00 321.00 OK
r-patched-linux-x86_64 0.1.1 7.68 201.29 208.97 OK
r-release-linux-x86_64 0.1.1 6.97 199.85 206.82 OK
r-release-macos-arm64 0.1.1 62.00 OK
r-release-macos-x86_64 0.1.1 99.00 OK
r-release-windows-x86_64 0.1.1 83.00 209.00 292.00 OK
r-oldrel-macos-arm64 0.1.1 60.00 OK
r-oldrel-macos-x86_64 0.1.1 98.00 OK
r-oldrel-windows-ix86+x86_64 0.1.1 21.00 220.00 241.00 OK

Check Details

Version: 0.1.1
Check: Rd cross-references
Result: NOTE
    Undeclared package ‘purrr’ in Rd xrefs
Flavor: r-devel-linux-x86_64-fedora-clang