CRAN Package Check Results for Package websocket

Last updated on 2022-12-05 03:55:15 CET.

Flavor Version Tinstall Tcheck Ttotal Status Flags
r-devel-linux-x86_64-debian-clang 1.4.1 72.57 38.30 110.87 NOTE
r-devel-linux-x86_64-debian-gcc 1.4.1 77.22 30.06 107.28 WARN
r-devel-linux-x86_64-fedora-clang 1.4.1 179.01 WARN
r-devel-linux-x86_64-fedora-gcc 1.4.1 193.17 NOTE
r-devel-windows-x86_64 1.4.1 241.00 133.00 374.00 NOTE
r-patched-linux-x86_64 1.4.1 77.83 37.62 115.45 NOTE
r-release-linux-x86_64 1.4.1 79.38 36.64 116.02 NOTE
r-release-macos-arm64 1.4.1 57.00 NOTE
r-release-macos-x86_64 1.4.1 80.00 NOTE
r-release-windows-x86_64 1.4.1 162.00 137.00 299.00 NOTE
r-oldrel-macos-arm64 1.4.1 66.00 NOTE
r-oldrel-macos-x86_64 1.4.1 75.00 NOTE
r-oldrel-windows-ix86+x86_64 1.4.1 388.00 134.00 522.00 NOTE

Additional issues

M1mac

Check Details

Version: 1.4.1
Check: for GNU extensions in Makefiles
Result: NOTE
    GNU make is a SystemRequirements.
Flavors: r-devel-linux-x86_64-debian-clang, r-devel-linux-x86_64-debian-gcc, r-devel-linux-x86_64-fedora-clang, r-devel-linux-x86_64-fedora-gcc, r-devel-windows-x86_64, r-patched-linux-x86_64, r-release-linux-x86_64, r-release-macos-arm64, r-release-macos-x86_64, r-release-windows-x86_64, r-oldrel-macos-arm64, r-oldrel-macos-x86_64, r-oldrel-windows-ix86+x86_64

Version: 1.4.1
Check: compiled code
Result: WARN
    File ‘websocket/libs/websocket.so’:
     Found ‘__sprintf_chk’, possibly from ‘sprintf’ (C)
     Object: ‘websocket_connection.o’
    
    Compiled code should not call entry points which might terminate R nor
    write to stdout/stderr instead of to the console, nor use Fortran I/O
    nor system RNGs nor [v]sprintf.
    
    See ‘Writing portable packages’ in the ‘Writing R Extensions’ manual.
Flavor: r-devel-linux-x86_64-debian-gcc

Version: 1.4.1
Check: compiled code
Result: WARN
    File ‘websocket/libs/websocket.so’:
     Found ‘sprintf’, possibly from ‘sprintf’ (C)
     Object: ‘websocket_connection.o’
    
    Compiled code should not call entry points which might terminate R nor
    write to stdout/stderr instead of to the console, nor use Fortran I/O
    nor system RNGs nor [v]sprintf.
    
    See ‘Writing portable packages’ in the ‘Writing R Extensions’ manual.
Flavor: r-devel-linux-x86_64-fedora-clang

Version: 1.4.1
Check: installed package size
Result: NOTE
     installed size is 5.0Mb
     sub-directories of 1Mb or more:
     libs 4.9Mb
Flavors: r-devel-windows-x86_64, r-release-macos-arm64, r-release-macos-x86_64, r-release-windows-x86_64, r-oldrel-macos-arm64, r-oldrel-macos-x86_64, r-oldrel-windows-ix86+x86_64