CRAN Package Check Results for Package womblR

Last updated on 2022-12-10 03:57:45 CET.

Flavor Version Tinstall Tcheck Ttotal Status Flags
r-devel-linux-x86_64-debian-clang 1.0.5 251.09 301.67 552.76 OK
r-devel-linux-x86_64-debian-gcc 1.0.5 203.58 245.35 448.93 OK
r-devel-linux-x86_64-fedora-clang 1.0.5 640.44 OK
r-devel-linux-x86_64-fedora-gcc 1.0.5 720.56 OK
r-devel-windows-x86_64 1.0.5 183.00 369.00 552.00 OK
r-patched-linux-x86_64 1.0.5 210.13 254.18 464.31 OK
r-release-linux-x86_64 1.0.5 210.82 255.67 466.49 OK
r-release-macos-arm64 1.0.5 173.00 NOTE
r-release-macos-x86_64 1.0.5 209.00 NOTE
r-release-windows-x86_64 1.0.5 206.00 298.00 504.00 OK
r-oldrel-macos-arm64 1.0.5 155.00 NOTE
r-oldrel-macos-x86_64 1.0.5 208.00 NOTE
r-oldrel-windows-ix86+x86_64 1.0.5 619.00 412.00 1031.00 OK

Check Details

Version: 1.0.5
Check: installed package size
Result: NOTE
     installed size is 9.4Mb
     sub-directories of 1Mb or more:
     libs 8.6Mb
Flavors: r-release-macos-arm64, r-release-macos-x86_64, r-oldrel-macos-arm64, r-oldrel-macos-x86_64