Last updated on 2022-06-30 04:50:18 CEST.
Flavor | Version | Tinstall | Tcheck | Ttotal | Status | Flags |
---|---|---|---|---|---|---|
r-devel-linux-x86_64-debian-clang | 2.6 | 18.41 | 35.54 | 53.95 | OK | |
r-devel-linux-x86_64-debian-gcc | 2.6 | 14.87 | 27.31 | 42.18 | OK | |
r-devel-linux-x86_64-fedora-clang | 2.6 | 84.85 | NOTE | |||
r-devel-linux-x86_64-fedora-gcc | 2.6 | 78.03 | NOTE | |||
r-devel-windows-x86_64 | 2.6 | 28.00 | 76.00 | 104.00 | OK | |
r-patched-linux-x86_64 | 2.6 | 17.16 | 34.43 | 51.59 | OK | |
r-release-linux-x86_64 | 2.6 | 17.03 | 33.73 | 50.76 | OK | |
r-release-macos-arm64 | 2.6 | 26.00 | NOTE | |||
r-release-macos-x86_64 | 2.6 | 36.00 | NOTE | |||
r-release-windows-x86_64 | 2.6 | 36.00 | 78.00 | 114.00 | OK | |
r-oldrel-macos-arm64 | 2.6 | 32.00 | NOTE | |||
r-oldrel-macos-x86_64 | 2.6 | 48.00 | NOTE | |||
r-oldrel-windows-ix86+x86_64 | 2.6 | 55.00 | 82.00 | 137.00 | OK |
Version: 2.6
Check: data for non-ASCII characters
Result: NOTE
Note: found 2 marked UTF-8 strings
Flavors: r-devel-linux-x86_64-fedora-clang, r-devel-linux-x86_64-fedora-gcc, r-release-macos-arm64, r-release-macos-x86_64, r-oldrel-macos-arm64, r-oldrel-macos-x86_64