CRAN Package Check Results for Package wpp2010

Last updated on 2022-09-30 04:59:25 CEST.

Flavor Version Tinstall Tcheck Ttotal Status Flags
r-devel-linux-x86_64-debian-clang 1.2-0 1.67 26.32 27.99 NOTE
r-devel-linux-x86_64-debian-gcc 1.2-0 1.67 21.08 22.75 NOTE
r-devel-linux-x86_64-fedora-clang 1.2-0 46.74 NOTE
r-devel-linux-x86_64-fedora-gcc 1.2-0 45.68 NOTE
r-devel-windows-x86_64 1.2-0 16.00 60.00 76.00 NOTE
r-patched-linux-x86_64 1.2-0 2.29 26.09 28.38 NOTE
r-release-linux-x86_64 1.2-0 2.30 25.31 27.61 NOTE
r-release-macos-arm64 1.2-0 17.00 NOTE
r-release-macos-x86_64 1.2-0 23.00 NOTE
r-release-windows-x86_64 1.2-0 7.00 56.00 63.00 NOTE
r-oldrel-macos-arm64 1.2-0 20.00 NOTE
r-oldrel-macos-x86_64 1.2-0 28.00 NOTE
r-oldrel-windows-ix86+x86_64 1.2-0 6.00 30.00 36.00 NOTE

Check Details

Version: 1.2-0
Check: DESCRIPTION meta-information
Result: NOTE
    Malformed Description field: should contain one or more complete sentences.
Flavors: r-devel-linux-x86_64-debian-clang, r-devel-linux-x86_64-debian-gcc, r-devel-linux-x86_64-fedora-clang, r-devel-linux-x86_64-fedora-gcc, r-devel-windows-x86_64, r-patched-linux-x86_64, r-release-linux-x86_64, r-release-macos-arm64, r-release-macos-x86_64, r-release-windows-x86_64, r-oldrel-macos-arm64, r-oldrel-macos-x86_64, r-oldrel-windows-ix86+x86_64

Version: 1.2-0
Check: installed package size
Result: NOTE
     installed size is 6.7Mb
     sub-directories of 1Mb or more:
     data 6.6Mb
Flavors: r-devel-linux-x86_64-fedora-clang, r-devel-windows-x86_64, r-release-macos-arm64, r-release-macos-x86_64, r-release-windows-x86_64, r-oldrel-macos-arm64, r-oldrel-macos-x86_64, r-oldrel-windows-ix86+x86_64