CRAN Package Check Results for Package wpp2015

Last updated on 2022-10-04 04:50:46 CEST.

Flavor Version Tinstall Tcheck Ttotal Status Flags
r-devel-linux-x86_64-debian-clang 1.1-2 2.52 46.08 48.60 OK
r-devel-linux-x86_64-debian-gcc 1.1-2 2.64 35.18 37.82 OK
r-devel-linux-x86_64-fedora-clang 1.1-2 69.85 NOTE
r-devel-linux-x86_64-fedora-gcc 1.1-2 67.43 OK
r-devel-windows-x86_64 1.1-2 29.00 84.00 113.00 NOTE
r-patched-linux-x86_64 1.1-2 3.27 42.82 46.09 OK
r-release-linux-x86_64 1.1-2 2.71 43.08 45.79 OK
r-release-macos-arm64 1.1-2 25.00 NOTE
r-release-macos-x86_64 1.1-2 36.00 NOTE
r-release-windows-x86_64 1.1-2 30.00 84.00 114.00 NOTE
r-oldrel-macos-arm64 1.1-2 29.00 NOTE
r-oldrel-macos-x86_64 1.1-2 44.00 NOTE
r-oldrel-windows-ix86+x86_64 1.1-2 10.00 74.00 84.00 NOTE

Check Details

Version: 1.1-2
Check: installed package size
Result: NOTE
     installed size is 11.4Mb
     sub-directories of 1Mb or more:
     data 11.2Mb
Flavors: r-devel-linux-x86_64-fedora-clang, r-devel-windows-x86_64, r-release-macos-arm64, r-release-macos-x86_64, r-release-windows-x86_64, r-oldrel-macos-arm64, r-oldrel-macos-x86_64, r-oldrel-windows-ix86+x86_64