CRAN Package Check Results for Package wpp2017

Last updated on 2022-10-04 04:50:46 CEST.

Flavor Version Tinstall Tcheck Ttotal Status Flags
r-devel-linux-x86_64-debian-clang 1.2-3 3.77 60.64 64.41 OK
r-devel-linux-x86_64-debian-gcc 1.2-3 1.88 46.64 48.52 OK
r-devel-linux-x86_64-fedora-clang 1.2-3 86.59 NOTE
r-devel-linux-x86_64-fedora-gcc 1.2-3 81.42 OK
r-devel-windows-x86_64 1.2-3 29.00 94.00 123.00 NOTE
r-patched-linux-x86_64 1.2-3 3.28 55.20 58.48 OK
r-release-linux-x86_64 1.2-3 3.50 56.48 59.98 OK
r-release-macos-arm64 1.2-3 27.00 NOTE
r-release-macos-x86_64 1.2-3 44.00 NOTE
r-release-windows-x86_64 1.2-3 33.00 94.00 127.00 NOTE
r-oldrel-macos-arm64 1.2-3 76.00 NOTE
r-oldrel-macos-x86_64 1.2-3 135.00 NOTE
r-oldrel-windows-ix86+x86_64 1.2-3 9.00 79.00 88.00 NOTE

Check Details

Version: 1.2-3
Check: installed package size
Result: NOTE
     installed size is 11.6Mb
     sub-directories of 1Mb or more:
     data 11.4Mb
Flavors: r-devel-linux-x86_64-fedora-clang, r-devel-windows-x86_64, r-release-macos-arm64, r-release-macos-x86_64, r-release-windows-x86_64, r-oldrel-macos-arm64, r-oldrel-macos-x86_64, r-oldrel-windows-ix86+x86_64