CRAN Package Check Results for Package wpp2019

Last updated on 2022-10-04 04:50:46 CEST.

Flavor Version Tinstall Tcheck Ttotal Status Flags
r-devel-linux-x86_64-debian-clang 1.1-1 3.06 48.46 51.52 OK
r-devel-linux-x86_64-debian-gcc 1.1-1 1.84 37.92 39.76 OK
r-devel-linux-x86_64-fedora-clang 1.1-1 71.74 NOTE
r-devel-linux-x86_64-fedora-gcc 1.1-1 68.81 OK
r-devel-windows-x86_64 1.1-1 32.00 87.00 119.00 NOTE
r-patched-linux-x86_64 1.1-1 2.83 44.74 47.57 OK
r-release-linux-x86_64 1.1-1 2.57 45.91 48.48 OK
r-release-macos-arm64 1.1-1 24.00 NOTE
r-release-macos-x86_64 1.1-1 42.00 NOTE
r-release-windows-x86_64 1.1-1 32.00 84.00 116.00 NOTE
r-oldrel-macos-arm64 1.1-1 32.00 NOTE
r-oldrel-macos-x86_64 1.1-1 46.00 NOTE
r-oldrel-windows-ix86+x86_64 1.1-1 9.00 70.00 79.00 NOTE

Check Details

Version: 1.1-1
Check: installed package size
Result: NOTE
     installed size is 11.4Mb
     sub-directories of 1Mb or more:
     data 11.3Mb
Flavors: r-devel-linux-x86_64-fedora-clang, r-devel-windows-x86_64, r-release-macos-arm64, r-release-macos-x86_64, r-release-windows-x86_64, r-oldrel-macos-arm64, r-oldrel-macos-x86_64, r-oldrel-windows-ix86+x86_64