CRAN Package Check Results for Package xmrr

Last updated on 2022-12-10 03:57:45 CET.

Flavor Version Tinstall Tcheck Ttotal Status Flags
r-devel-linux-x86_64-debian-clang 1.1.1 6.21 56.21 62.42 NOTE
r-devel-linux-x86_64-debian-gcc 1.1.1 5.40 43.69 49.09 NOTE
r-devel-linux-x86_64-fedora-clang 1.1.1 88.44 NOTE
r-devel-linux-x86_64-fedora-gcc 1.1.1 96.15 NOTE
r-devel-windows-x86_64 1.1.1 13.00 89.00 102.00 NOTE
r-patched-linux-x86_64 1.1.1 5.56 51.02 56.58 NOTE
r-release-linux-x86_64 1.1.1 5.58 52.65 58.23 NOTE
r-release-macos-arm64 1.1.1 21.00 NOTE
r-release-macos-x86_64 1.1.1 48.00 NOTE
r-release-windows-x86_64 1.1.1 11.00 85.00 96.00 NOTE
r-oldrel-macos-arm64 1.1.1 27.00 NOTE
r-oldrel-macos-x86_64 1.1.1 35.00 NOTE
r-oldrel-windows-ix86+x86_64 1.1.1 16.00 82.00 98.00 NOTE

Check Details

Version: 1.1.1
Check: LazyData
Result: NOTE
     'LazyData' is specified without a 'data' directory
Flavors: r-devel-linux-x86_64-debian-clang, r-devel-linux-x86_64-debian-gcc, r-devel-linux-x86_64-fedora-clang, r-devel-linux-x86_64-fedora-gcc, r-devel-windows-x86_64, r-patched-linux-x86_64, r-release-linux-x86_64, r-release-macos-arm64, r-release-macos-x86_64, r-release-windows-x86_64, r-oldrel-macos-arm64, r-oldrel-macos-x86_64, r-oldrel-windows-ix86+x86_64

Version: 1.1.1
Check: dependencies in R code
Result: NOTE
    Namespaces in Imports field not imported from:
     ‘qpdf’ ‘rlang’ ‘tibble’
     All declared Imports should be used.
Flavors: r-devel-linux-x86_64-fedora-clang, r-devel-linux-x86_64-fedora-gcc, r-release-macos-arm64, r-release-macos-x86_64, r-oldrel-macos-arm64, r-oldrel-macos-x86_64