Last updated on 2023-01-31 04:06:38 CET.
Flavor | Version | Tinstall | Tcheck | Ttotal | Status | Flags |
---|---|---|---|---|---|---|
r-devel-linux-x86_64-debian-clang | 0.1.7 | 105.95 | 59.82 | 165.77 | OK | |
r-devel-linux-x86_64-debian-gcc | 0.1.7 | 95.13 | 50.16 | 145.29 | NOTE | |
r-devel-linux-x86_64-fedora-clang | 0.1.7 | 220.36 | NOTE | |||
r-devel-linux-x86_64-fedora-gcc | 0.1.7 | 244.44 | NOTE | |||
r-devel-windows-x86_64 | 0.1.7 | 95.00 | 125.00 | 220.00 | NOTE | |
r-patched-linux-x86_64 | 0.1.7 | 101.30 | 61.89 | 163.19 | OK | |
r-release-linux-x86_64 | 0.1.7 | 100.02 | 61.47 | 161.49 | OK | |
r-release-macos-arm64 | 0.1.7 | 67.00 | NOTE | |||
r-release-macos-x86_64 | 0.1.7 | 86.00 | NOTE | |||
r-release-windows-x86_64 | 0.1.7 | 97.00 | 129.00 | 226.00 | OK | |
r-oldrel-macos-arm64 | 0.1.7 | 77.00 | NOTE | |||
r-oldrel-macos-x86_64 | 0.1.7 | 131.00 | NOTE | |||
r-oldrel-windows-ix86+x86_64 | 0.1.7 | 243.00 | 154.00 | 397.00 | OK |
Version: 0.1.7
Check: C++ specification
Result: NOTE
Specified C++11: please update to current default of C++17
Flavors: r-devel-linux-x86_64-debian-gcc, r-devel-linux-x86_64-fedora-clang, r-devel-linux-x86_64-fedora-gcc, r-devel-windows-x86_64
Version: 0.1.7
Check: installed package size
Result: NOTE
installed size is 25.7Mb
sub-directories of 1Mb or more:
libs 25.3Mb
Flavors: r-release-macos-arm64, r-release-macos-x86_64, r-oldrel-macos-arm64, r-oldrel-macos-x86_64