CRAN Package Check Results for Package yaps

Last updated on 2022-12-03 03:57:24 CET.

Flavor Version Tinstall Tcheck Ttotal Status Flags
r-devel-linux-x86_64-debian-clang 1.2.5 109.26 213.90 323.16 OK
r-devel-linux-x86_64-debian-gcc 1.2.5 67.79 148.34 216.13 OK
r-devel-linux-x86_64-fedora-clang 1.2.5 384.61 OK
r-devel-linux-x86_64-fedora-gcc 1.2.5 404.91 OK
r-devel-windows-x86_64 1.2.5 115.00 252.00 367.00 NOTE
r-patched-linux-x86_64 1.2.5 68.50 203.74 272.24 OK
r-release-linux-x86_64 1.2.5 68.57 199.92 268.49 OK
r-release-macos-arm64 1.2.5 116.00 NOTE
r-release-macos-x86_64 1.2.5 162.00 NOTE
r-release-windows-x86_64 1.2.5 132.00 261.00 393.00 NOTE
r-oldrel-macos-arm64 1.2.5 129.00 NOTE
r-oldrel-macos-x86_64 1.2.5 177.00 NOTE
r-oldrel-windows-ix86+x86_64 1.2.5 154.00 472.00 626.00 NOTE

Check Details

Version: 1.2.5
Check: installed package size
Result: NOTE
     installed size is 14.6Mb
     sub-directories of 1Mb or more:
     libs 12.7Mb
Flavors: r-devel-windows-x86_64, r-release-macos-arm64, r-release-macos-x86_64, r-release-windows-x86_64, r-oldrel-macos-arm64, r-oldrel-macos-x86_64, r-oldrel-windows-ix86+x86_64