Last updated on 2022-08-13 04:58:03 CEST.
Flavor | Version | Tinstall | Tcheck | Ttotal | Status | Flags |
---|---|---|---|---|---|---|
r-devel-linux-x86_64-debian-clang | 0.3.4 | 41.35 | 245.10 | 286.45 | OK | |
r-devel-linux-x86_64-debian-gcc | 0.3.4 | 29.82 | 195.57 | 225.39 | OK | |
r-devel-linux-x86_64-fedora-clang | 0.3.4 | 340.29 | NOTE | |||
r-devel-linux-x86_64-fedora-gcc | 0.3.4 | 351.04 | NOTE | |||
r-devel-windows-x86_64 | 0.3.4 | 47.00 | 423.00 | 470.00 | OK | |
r-patched-linux-x86_64 | 0.3.4 | 33.11 | 240.76 | 273.87 | OK | |
r-release-linux-x86_64 | 0.3.4 | 28.63 | 236.26 | 264.89 | OK | |
r-release-macos-arm64 | 0.3.4 | 129.00 | NOTE | |||
r-release-macos-x86_64 | 0.3.4 | 185.00 | NOTE | |||
r-release-windows-x86_64 | 0.3.4 | 50.00 | 419.00 | 469.00 | OK | |
r-oldrel-macos-arm64 | 0.3.4 | 119.00 | NOTE | |||
r-oldrel-macos-x86_64 | 0.3.4 | 185.00 | NOTE | |||
r-oldrel-windows-ix86+x86_64 | 0.3.4 | 87.00 | 438.00 | 525.00 | OK |
Version: 0.3.4
Check: data for non-ASCII characters
Result: NOTE
Note: found 5 marked UTF-8 strings
Flavors: r-devel-linux-x86_64-fedora-clang, r-devel-linux-x86_64-fedora-gcc, r-release-macos-arm64, r-release-macos-x86_64, r-oldrel-macos-arm64, r-oldrel-macos-x86_64