CRAN Package Check Results for Package zoid

Last updated on 2022-09-30 04:59:25 CEST.

Flavor Version Tinstall Tcheck Ttotal Status Flags
r-devel-linux-x86_64-debian-clang 1.1.0 140.96 131.10 272.06 NOTE
r-devel-linux-x86_64-debian-gcc 1.1.0 124.40 106.58 230.98 NOTE
r-devel-linux-x86_64-fedora-clang 1.1.0 402.69 NOTE
r-devel-linux-x86_64-fedora-gcc 1.1.0 302.69 NOTE
r-devel-windows-x86_64 1.1.0 100.00 181.00 281.00 NOTE
r-patched-linux-x86_64 1.1.0 127.52 128.05 255.57 NOTE
r-release-linux-x86_64 1.1.0 102.75 124.14 226.89 NOTE
r-release-macos-arm64 1.1.0 103.00 NOTE
r-release-macos-x86_64 1.1.0 189.00 NOTE
r-release-windows-x86_64 1.1.0 202.00 250.00 452.00 NOTE
r-oldrel-macos-arm64 1.1.0 106.00 NOTE
r-oldrel-macos-x86_64 1.1.0 148.00 NOTE
r-oldrel-windows-ix86+x86_64 1.1.0 84.00 17.00 101.00 ERROR

Check Details

Version: 1.1.0
Check: for GNU extensions in Makefiles
Result: NOTE
    GNU make is a SystemRequirements.
Flavors: r-devel-linux-x86_64-debian-clang, r-devel-linux-x86_64-debian-gcc, r-devel-linux-x86_64-fedora-clang, r-devel-linux-x86_64-fedora-gcc, r-devel-windows-x86_64, r-patched-linux-x86_64, r-release-linux-x86_64, r-release-macos-arm64, r-release-macos-x86_64, r-release-windows-x86_64, r-oldrel-macos-arm64, r-oldrel-macos-x86_64

Version: 1.1.0
Check: dependencies in R code
Result: NOTE
    Namespaces in Imports field not imported from:
     ‘RcppParallel’ ‘rstantools’
     All declared Imports should be used.
Flavors: r-devel-linux-x86_64-fedora-clang, r-devel-linux-x86_64-fedora-gcc, r-release-macos-arm64, r-release-macos-x86_64, r-oldrel-macos-arm64, r-oldrel-macos-x86_64

Version: 1.1.0
Check: Rd cross-references
Result: NOTE
    Undeclared package ‘loo’ in Rd xrefs
Flavor: r-devel-linux-x86_64-fedora-clang

Version: 1.1.0
Check: installed package size
Result: NOTE
     installed size is 35.8Mb
     sub-directories of 1Mb or more:
     libs 35.3Mb
Flavors: r-release-macos-arm64, r-release-macos-x86_64, r-oldrel-macos-arm64, r-oldrel-macos-x86_64

Version: 1.1.0
Check: whether package can be installed
Result: ERROR
    Installation failed.
Flavor: r-oldrel-windows-ix86+x86_64